illions digit of 20548970?
0
What is the units digit of 59346030?
0
What is the ten millions digit of 23447132?
2
What is the tens digit of 251854486?
8
What is the ten thousands digit of 62910526?
1
What is the hundred millions digit of 127334430?
1
What is the hundred millions digit of 7596663697?
5
What is the ten thousands digit of 390905745?
0
What is the ten thousands digit of 81660110?
6
What is the millions digit of 2320621951?
0
What is the hundred thousands digit of 648560642?
5
What is the millions digit of 59105779?
9
What is the hundred thousands digit of 2048472408?
4
What is the ten millions digit of 185216391?
8
What is the hundred thousands digit of 54626808?
6
What is the hundred thousands digit of 30533455?
5
What is the thousands digit of 6734405795?
5
What is the tens digit of 386790261?
6
What is the hundreds digit of 25963295?
2
What is the hundred millions digit of 1126068005?
1
What is the ten millions digit of 2815249974?
1
What is the ten millions digit of 25960513?
2
What is the millions digit of 933931233?
3
What is the thousands digit of 437139351?
9
What is the millions digit of 1093949590?
3
What is the tens digit of 798296773?
7
What is the ten millions digit of 106992944?
0
What is the hundred thousands digit of 39976027?
9
What is the ten millions digit of 194756155?
9
What is the millions digit of 183094271?
3
What is the millions digit of 126836383?
6
What is the hundreds digit of 104420313?
3
What is the hundred thousands digit of 86798625?
7
What is the thousands digit of 75871459?
1
What is the ten millions digit of 19947563?
1
What is the millions digit of 3803448708?
3
What is the hundred millions digit of 254323472?
2
What is the hundreds digit of 400084957?
9
What is the ten thousands digit of 31519555?
1
What is the units digit of 1480430020?
0
What is the hundred millions digit of 2714586036?
7
What is the hundreds digit of 566949643?
6
What is the units digit of 275718862?
2
What is the ten thousands digit of 79984889?
8
What is the thousands digit of 76490153?
0
What is the tens digit of 1720207871?
7
What is the hundred thousands digit of 220643347?
6
What is the hundreds digit of 1084081580?
5
What is the ten thousands digit of 44568187?
6
What is the thousands digit of 885720495?
0
What is the hundred millions digit of 234798596?
2
What is the millions digit of 3000048627?
0
What is the ten thousands digit of 124440838?
4
What is the billions digit of 2180877091?
2
What is the hundred thousands digit of 197673094?
6
What is the hundred thousands digit of 183715120?
7
What is the millions digit of 6111432318?
1
What is the units digit of 79065479?
9
What is the thousands digit of 5334220?
4
What is the millions digit of 120407994?
0
What is the hundreds digit of 50199713?
7
What is the hundreds digit of 62924476?
4
What is the thousands digit of 36949881?
9
What is the tens digit of 14983964?
6
What is the units digit of 2582566797?
7
What is the hundred thousands digit of 385921216?
9
What is the millions digit of 85043326?
5
What is the ten thousands digit of 748067081?
6
What is the hundred millions digit of 308973243?
3
What is the millions digit of 147555044?
7
What is the thousands digit of 50560465?
0
What is the hundred millions digit of 192493172?
1
What is the ten thousands digit of 81062472?
6
What is the ten millions digit of 2653763991?
5
What is the ten millions digit of 70264670?
7
What is the thousands digit of 53785863?
5
What is the hundreds digit of 260035000?
0
What is the units digit of 35948664?
4
What is the ten thousands digit of 271222108?
2
What is the ten millions digit of 303940471?
0
What is the tens digit of 295655925?
2
What is the thousands digit of 220020873?
0
What is the hundred millions digit of 163438234?
1
What is the ten millions digit of 4240059831?
4
What is the ten millions digit of 893372297?
9
What is the thousands digit of 66340664?
0
What is the units digit of 627884951?
1
What is the ten thousands digit of 2298355224?
5
What is the thousands digit of 89601134?
1
What is the hundred thousands digit of 235168023?
1
What is the tens digit of 95409883?
8
What is the hundred thousands digit of 29202277?
2
What is the millions digit of 7294234?
7
What is the thousands digit of 78001340?
1
What is the thousands digit of 1385944430?
4
What is the hundreds digit of 36450442?
4
What is the ten thousands digit of 921406044?
0
What is the millions digit of 6806373875?
6
What is the tens digit of 57121620?
2
What is the ten thousands digit of 316374166?
7
What is the ten thousands digit of 455811457?
1
What is the millions digit of 813696220?
3
What is the ten millions digit of 1917439953?
1
What is the ten thousands digit of 707279968?
7
What is the hundred millions digit of 2625005272?
6
What is the thousands digit of 695073660?
3
What is the hundreds digit of 442777524?
5
What is the hundred millions digit of 536098763?
5
What is the hundred thousands digit of 1672656327?
6
What is the tens digit of 289511070?
7
What is the millions digit of 139312792?
9
What is the thousands digit of 1263993199?
3
What is the millions digit of 111872819?
1
What is the ten thousands digit of 31657228?
5
What is the hundreds digit of 2370939?
9
What is the hundred thousands digit of 48371502?
3
What is the ten millions digit of 122856631?
2
What is the hundred thousands digit of 621383856?
3
What is the ten thousands digit of 1286621191?
2
What is the ten millions digit of 7775860387?
7
What is the hundreds digit of 162860722?
7
What is the millions digit of 802995625?
2
What is the hundred thousands digit of 73468950?
4
What is the hundred millions digit of 3342583707?
3
What is the units digit of 2169106825?
5
What is the millions digit of 51160781?
1
What is the hundred thousands digit of 139337155?
3
What is the tens digit of 208338428?
2
What is the hundred thousands digit of 1052486966?
4
What is the tens digit of 76382371?
7
What is the thousands digit of 331406807?
6
What is the tens digit of 204150130?
3
What is the tens digit of 178905949?
4
What is the hundred thousands digit of 158330862?
3
What is the ten thousands digit of 1009439844?
3
What is the billions digit of 1322380315?
1
What is the thousands digit of 408025116?
5
What is the tens digit of 270254411?
1
What is the millions digit of 34935885?
4
What is the millions digit of 358470276?
8
What is the thousands digit of 56366930?
6
What is the millions digit of 35787040?
5
What is the units digit of 32800147?
7
What is the tens digit of 39901809?
0
What is the hundreds digit of 1917566272?
2
What is the hundreds digit of 202252475?
4
What is the hundred millions digit of 118916746?
1
What is the tens digit of 967753701?
0
What is the tens digit of 3522394320?
2
What is the ten thousands digit of 3530633?
3
What is the ten millions digit of 60888866?
6
What is the millions digit of 3219207837?
9
What is the units digit of 85831419?
9
What is the tens digit of 918874214?
1
What is the units digit of 30402070?
0
What is the millions digit of 1541577238?
1
What is the hundreds digit of 552322122?
1
What is the hundred thousands digit of 6162282423?
2
What is the ten thousands digit of 22501056?
0
What is the tens digit of 1191596209?
0
What is the hundred thousands digit of 53812891?
8
What is the hundred thousands digit of 70697250?
6
What is the ten thousands digit of 170197585?
9
What is the millions digit of 35539229?
5
What is the hundred millions digit of 138292130?
1
What is the hundreds digit of 55205367?
3
What is the hundreds digit of 1319119653?
6
What is the units digit of 440072980?
0
What is the hundreds digit of 531980185?
1
What is the hundred millions digit of 121792287?
1
What is the thousands digit of 3906916?
6
What is the hundred millions digit of 818462652?
8
What is the thousands digit of 15113322?
3
What is the thousands digit of 15948909?
8
What is the hundreds digit of 481133150?
1
What is the millions digit of 321659327?
1
What is the units digit of 100089529?
9
What is the thousands digit of 49851099?
1
What is the hundred thousands digit of 170347191?
3
What is the hundred millions digit of 1520322086?
5
What is the thousands digit of 182726244?
6
What is the millions digit of 